 + 306*c = 35. Let v(k) = -k**2 - 1. Let r(w) = 6*w**2 + 10*w + 5. Let t(j) = r(j) + 2*v(j). Calculate the remainder when t(c) is divided by 33.
30
Let w(c) = 6*c**2 + 62*c + 310. Calculate the remainder when w(-5) is divided by 38.
36
Suppose -2*b = -6 - 4. Suppose -39 = -r + 3*k, 260 = b*r + k - 3*k. Suppose 57*j - 1005 = 78. What is the remainder when r is divided by j?
16
Let w = -173 - -233. Calculate the remainder when 119 is divided by w.
59
Let c be ((3 - 2) + (-9)/9)/2. Suppose 6*h + h - 770 = c. Calculate the remainder when h is divided by 23.
18
Suppose -4*n = -0*n + 12. Let z = n + 8. Suppose 3*w = -4*u + 24, 0*w + 2*w - z*u = 39. What is the remainder when 21 is divided by w?
9
Suppose -52 = -3*x + 4*p, -2*x + 23 + 13 = -3*p. Calculate the remainder when 82 is divided by x.
10
Let o(m) = 2*m**2 - 5*m**3 + m + 8 + 2*m**2 + 4*m**3. Let v = 9 - -13. What is the remainder when v is divided by o(4)?
10
Let l = -16 + 8. Let i = l - -7. Calculate the remainder when 22 is divided by i*(3 + -2)*-6.
4
Let a = -5 + 12. Suppose -3*t - 3*i = -5*i - 151, -33 = -t + 5*i. Let p = t - 35. Calculate the remainder when p is divided by a.
4
Suppose -4*o = -4*m - 196, 3*o - 166 + 14 = 4*m. Let k = 63 - o. What is the remainder when 74 is divided by k?
17
Suppose -4*k = -2*a + a - 115, -2*a - 85 = -3*k. What is the remainder when 170 is divided by k?
25
Let q(x) = x**2 + 50*x - 191. What is the remainder when q(-55) is divided by 43?
41
Suppose 28*o - 15*o = 3419. What is the remainder when o is divided by 33?
32
Suppose 25 = 2*q + 3*i, 3*q - i - 19 = 2. What is the remainder when q/10 - (5 - (-4030)/(-25)) is divided by 16?
13
Let y(j) = j + 82. Calculate the remainder when y(16) is divided by 34.
30
Let v(s) = 2*s + 5. Let j be v(-8). Let t(g) = -g**3 + 8*g**2 - 9*g + 9. Let y be t(7). Let c = y - j. Calculate the remainder when 15 is divided by c.
3
Suppose -169 = -3*r - 2*i, -5*r + i = -211 - 49. What is the remainder when 137 is divided by r?
31
Suppose -3*f + 36 = 6*m - 5*m, -2*f = -m - 29. What is the remainder when 155 is divided by f?
12
Suppose -3*v + 211 = 5*d, 3*v - 2*d = -2*v + 393. Let a(k) = k**3 + 13. Calculate the remainder when v is divided by a(0).
12
Suppose -4*s - 4*l - 44 + 388 = 0, 0 = 3*s - l - 238. Calculate the remainder when s is divided by (-82)/(-3) + (-2)/(-3).
25
Let d = 223 + -211. Calculate the remainder when 21 is divided by d.
9
Suppose 0 = 5*y - 2*y - 36. Suppose 0 = -y*a + 13*a. Suppose a = -3*t - 1 + 7. What is the remainder when 6 is divided by t?
0
Suppose 0 = -14*m + 512 + 132. What is the remainder when 550 is divided by m?
44
Let v be 410/18 + (-4)/(-18). Suppose 0 = -2*i + 3*s + v, 3*i + 5*s + 6 = -7. What is the remainder when i/(-14) + (-23)/(-7) is divided by 2?
1
Suppose -2*n - 7 = 9. Let x(b) = b**2 + 7*b + 1. What is the remainder when 15 is divided by x(n)?
6
Suppose 4 = 2*m - 0. Suppose 64 = 4*y + 3*g, 3*y - 2*g - 103 = -m*y. Calculate the remainder when y is divided by 12.
7
Suppose z + 2*c + 10 = -3*c, -5*z + 37 = -4*c. Let m = -2 - -4. Suppose -3*l = 2*i - 3, 4*l - m*i - 21 = i. Calculate the remainder when z is divided by l.
2
Calculate the remainder when 110 is divided by 2 - (-27)/(-12) - 186/(-8).
18
Suppose -4*r + 5*i = -2212, 121*i - 117*i + 1100 = 2*r. What is the remainder when r is divided by 56?
54
Suppose -48 = 14*c - 1616. Calculate the remainder when c is divided by 24.
16
Suppose -80*b = -76*b - 76. What is the remainder when 61 is divided by b?
4
Let y = 178 + -86. Suppose 0*f = 4*f - y. Calculate the remainder when 40 is divided by f.
17
Let v(b) = -2*b**2 + 14*b + 9. Let p be v(9). Let n = -8 + 12. Let s = n - p. Calculate the remainder when s is divided by 11.
9
Suppose 3*y + 5*v - 1543 = 565, 0 = 5*v + 25. What is the remainder when y is divided by 17?
14
Suppose t + 12 = 3*t - 5*j, 5*t - 13 = 4*j. Suppose 2*y - 17 = -2*s + t, -5*s = -25. What is the remainder when 7 is divided by y?
3
Suppose 51*n - 434 = 790. What is the remainder when 176 is divided by n?
8
Let f(c) = 152*c**2 - 2*c + 1. Let o be -1*(-3 + 3 + -1). Let l be f(o). What is the remainder when 2/(-6) - l/(-3) is divided by 26?
24
Suppose z = -2*d - 19 + 167, 5*d = -3*z + 368. Calculate the remainder when 78 is divided by d.
2
Let t(j) = 3*j**2 - 2*j - 2. Let p be t(-1). Suppose 4*d - 95 - 91 = -p*q, 0 = 3*q + 6. What is the remainder when 143 is divided by d?
47
Let z be (6 - 5)*(-6)/2. Calculate the remainder when -66*9/(-6) - z is divided by 26.
24
Let f(b) = b**2 + b + 59. Calculate the remainder when f(0) is divided by (-21 + 15)*(-42)/12.
17
Let m(f) = -f**3 - f**2 + 4*f + 11. Suppose -1 - 3 = -s. Let j(t) = -t**3 + 4*t**2 + 2*t - 3. Calculate the remainder when m(-3) is divided by j(s).
2
Let g = -580 + 619. Calculate the remainder when 95 is divided by g.
17
Suppose -3*v = -0*v - 396. Suppose -v = -7*g + 260. Calculate the remainder when g is divided by 19.
18
Let p(o) be the third derivative of 0*o + 5*o**2 + 1/10*o**5 + 1/6*o**4 + 1/2*o**3 + 1/120*o**6 + 0. What is the remainder when 37 is divided by p(-5)?
5
Let w = 494 + -335. What is the remainder when w is divided by 81?
78
Suppose f + 66 = i, -2*i = 3*i - 3*f - 328. Suppose 5*w + 147 = -108. What is the remainder when i is divided by 0 + w/(-1 + -2)?
14
Let c = -245 + 251. Let y = 17 - -5. What is the remainder when c + (-296)/48 - 781/(-6) is divided by y?
20
Let z(v) be the third derivative of -41*v**6/120 + v**4/12 - v**3/6 - 4*v**2. Let k be z(1). Calculate the remainder when (k/(-15))/(1/9) is divided by 13.
11
Let b = 76 - 69. Suppose -b*c = -4*p - 2*c + 757, 4*p + 2*c = 722. What is the remainder when p is divided by 37?
35
Let k = -100 - 69. Let w = -142 - k. Calculate the remainder when 79 is divided by w.
25
Let f(x) = -x**2 - 12*x - 25. Let g(c) = -9*c**3 + c**2 + c - 1. Let p be g(1). Let w = -2 - -15. Calculate the remainder when w is divided by f(p).
6
Let u = -50 + 26. Let s = -6 - u. What is the remainder when 105 is divided by s?
15
Let d = 406 - -612. Calculate the remainder when d is divided by 10.
8
Let c(b) = 0*b**2 + 2*b - 2*b**2 + 6*b**2 - 2 + 3. Suppose -n = -33 - 4. What is the remainder when n is divided by c(-2)?
11
Suppose 227 = 63*v - 25. Calculate the remainder when v is divided by 1.
0
Suppose -8*t + 737 = -407. Calculate the remainder when t is divided by 9.
8
Let z = -7 + 11. Let f(u) = -2 + u**2 + 0*u**2 + 3*u + u**2 - z*u. Calculate the remainder when 56 is divided by f(-3).
18
Let x = 267 + -144. Let h(g) = -26*g**3 - 2*g**2 - 2*g - 1. What is the remainder when x is divided by h(-1)?
23
Let q(o) = 4*o**2 - 27*o + 3. Let f(g) = -g**2 + 9*g - 1. Let l(c) = -7*f(c) - 2*q(c). What is the remainder when 73 is divided by l(-6)?
16
Let q = 28 - 28. Suppose 0*y = -2*z + 5*y + 85, 4*y - 20 = q. What is the remainder when z is divided by 14?
13
Let c be (618/21)/((-2)/(-14)). Let t = c + -146. What is the remainder when t is divided by 21?
18
Let n(f) = f**3 - 10*f**2 - 11*f + 9. Let y be n(11). Suppose -z + 42 = y. Calculate the remainder when z is divided by 6.
3
Let m = -106 - -36. Let p(i) = -5*i - 27. Let l be p(-11). What is the remainder when 45 is divided by l/m + 62/5?
9
Let q = -141 + 156. Calculate the remainder when q is divided by 9.
6
What is the remainder when 320/(-60)*30/(-4) is divided by (21/3)/(2/4)?
12
Let k = 108 + -71. Let u(x) = -3*x - 1. What is the remainder when k is divided by u(-7)?
17
Suppose 5*s + 12 + 16 = 4*c, 4*c + 3*s - 60 = 0. Let y = -81 + 115. What is the remainder when y is divided by c?
10
Let a(r) = -r**2 - 2*r + 4. Let p be a(4). Let b = 34 + p. Calculate the remainder when 26 is divided by b.
12
Suppose -3*i + 151 = -s, 5*i + 5*s - s - 246 = 0. Calculate the remainder when i is divided by 3/(-5) + 2/10*98.
12
Suppose -4*j = y + j - 12, -j = -4. Let k = -18 - -30. Calculate the remainder when ((-198)/3)/(y/k) is divided by 25.
24
Suppose -1063 = -7*m - 230. Calculate the remainder when m is divided by 10.
9
Let u(c) = -c**3 - 23*c**2 - 24*c + 20. What is the remainder when 370 is divided by u(-22)?
50
Let n = -232 - -508. Calculate the remainder when n is divided by 138.
0
Let k(d) = d**2 - 6*d - 16. Let q be k(8). Suppose q = 6*u - 5*u - 222. What is the remainder when u is div